, 11, 59
What are the prime factors of 3173?
19, 167
List the prime factors of 1102.
2, 19, 29
List the prime factors of 731.
17, 43
List the prime factors of 9408.
2, 3, 7
List the prime factors of 4928.
2, 7, 11
List the prime factors of 61886.
2, 11, 29, 97
What are the prime factors of 110?
2, 5, 11
List the prime factors of 401.
401
What are the prime factors of 128604?
2, 3, 7, 1531
What are the prime factors of 2731?
2731
What are the prime factors of 3662?
2, 1831
List the prime factors of 116525.
5, 59, 79
List the prime factors of 2090.
2, 5, 11, 19
What are the prime factors of 7522?
2, 3761
What are the prime factors of 3391?
3391
What are the prime factors of 91?
7, 13
What are the prime factors of 2087?
2087
List the prime factors of 2583.
3, 7, 41
What are the prime factors of 47530?
2, 5, 7, 97
List the prime factors of 51185.
5, 29, 353
What are the prime factors of 7993?
7993
What are the prime factors of 8616?
2, 3, 359
List the prime factors of 1052.
2, 263
What are the prime factors of 5221?
23, 227
List the prime factors of 1107.
3, 41
What are the prime factors of 677?
677
What are the prime factors of 3410?
2, 5, 11, 31
What are the prime factors of 1566?
2, 3, 29
What are the prime factors of 35335?
5, 37, 191
List the prime factors of 4957.
4957
List the prime factors of 1537.
29, 53
List the prime factors of 711.
3, 79
What are the prime factors of 74357?
74357
List the prime factors of 4977.
3, 7, 79
What are the prime factors of 678?
2, 3, 113
List the prime factors of 93868.
2, 31, 757
List the prime factors of 14455.
5, 7, 59
List the prime factors of 6909.
3, 7, 47
What are the prime factors of 18685?
5, 37, 101
List the prime factors of 35100.
2, 3, 5, 13
List the prime factors of 6012.
2, 3, 167
What are the prime factors of 3849?
3, 1283
List the prime factors of 11259.
3, 139
List the prime factors of 21781.
23, 947
List the prime factors of 9468.
2, 3, 263
List the prime factors of 3573.
3, 397
What are the prime factors of 48764?
2, 73, 167
What are the prime factors of 66477?
3, 22159
What are the prime factors of 949?
13, 73
List the prime factors of 18207.
3, 7, 17
What are the prime factors of 14243?
14243
List the prime factors of 26291.
61, 431
List the prime factors of 26395.
5, 5279
List the prime factors of 694.
2, 347
What are the prime factors of 3394?
2, 1697
List the prime factors of 856.
2, 107
What are the prime factors of 4874?
2, 2437
List the prime factors of 3589.
37, 97
List the prime factors of 149695.
5, 7, 13, 47
What are the prime factors of 2203?
2203
List the prime factors of 6488.
2, 811
List the prime factors of 2309.
2309
What are the prime factors of 786?
2, 3, 131
List the prime factors of 10634.
2, 13, 409
List the prime factors of 18636.
2, 3, 1553
List the prime factors of 21886.
2, 31, 353
What are the prime factors of 1592?
2, 199
List the prime factors of 2357.
2357
What are the prime factors of 2703?
3, 17, 53
List the prime factors of 63246.
2, 3, 83, 127
List the prime factors of 979.
11, 89
What are the prime factors of 1102?
2, 19, 29
List the prime factors of 4125.
3, 5, 11
List the prime factors of 3073.
7, 439
What are the prime factors of 36408?
2, 3, 37, 41
List the prime factors of 34121.
149, 229
List the prime factors of 6115.
5, 1223
List the prime factors of 25095.
3, 5, 7, 239
What are the prime factors of 3915?
3, 5, 29
What are the prime factors of 97961?
97961
List the prime factors of 1341.
3, 149
List the prime factors of 1209.
3, 13, 31
List the prime factors of 3681.
3, 409
What are the prime factors of 18959?
18959
List the prime factors of 6029.
6029
What are the prime factors of 5189?
5189
What are the prime factors of 21089?
21089
What are the prime factors of 1524?
2, 3, 127
What are the prime factors of 5586?
2, 3, 7, 19
What are the prime factors of 176421?
3, 7, 31, 271
List the prime factors of 1915.
5, 383
List the prime factors of 32873.
71, 463
List the prime factors of 1944.
2, 3
List the prime factors of 6677.
11, 607
What are the prime factors of 3531?
3, 11, 107
What are the prime factors of 517?
11, 47
List the prime factors of 2002.
2, 7, 11, 13
List the prime factors of 1601.
1601
What are the prime factors of 738?
2, 3, 41
What are the prime factors of 1622?
2, 811
What are the prime factors of 85138?
2, 42569
What are the prime factors of 763?
7, 109
What are the prime factors of 2816?
2, 11
What are the prime factors of 304?
2, 19
List the prime factors of 1012.
2, 11, 23
What are the prime factors of 2252?
2, 563
What are the prime factors of 33929?
7, 37, 131
What are the prime factors of 12203?
12203
List the prime factors of 2725.
5, 109
List the prime factors of 4260.
2, 3, 5, 71
List the prime factors of 2901.
3, 967
What are the prime factors of 1778?
2, 7, 127
List the prime factors of 995.
5, 199
What are the prime factors of 23109?
3, 7703
List the prime factors of 6416.
2, 401
What are the prime factors of 12503?
12503
List the prime factors of 857.
857
List the prime factors of 2189.
11, 199
List the prime factors of 513.
3, 19
List the prime factors of 1004.
2, 251
List the prime factors of 11212.
2, 2803
List the prime factors of 2464.
2, 7, 11
What are the prime factors of 505?
5, 101
List the prime factors of 3019.
3019
List the prime factors of 2943.
3, 109
What are the prime factors of 2689?
2689
List the prime factors of 64929.
3, 23, 941
List the prime factors of 34159.
34159
What are the prime factors of 552?
2, 3, 23
List the prime factors of 612.
2, 3, 17
List the prime factors of 4743.
3, 17, 31
What are the prime factors of 79313?
13, 6101
What are the prime factors of 20086?
2, 11, 83
List the prime factors of 4957.
4957
List the prime factors of 884.
2, 13, 17
What are the prime factors of 749?
7, 107
What are the prime factors of 10483?
11, 953
List the prime factors of 5106.
2, 3, 23, 37
What are the prime factors of 4548?
2, 3, 379
List the prime factors of 1862.
2, 7, 19
What are the prime factors of 1277?
1277
List the prime factors of 81491.
19, 4289
What are the prime factors of 1433?
1433
What are the prime factors of 2065?
5, 7, 59
List the prime factors of 2187.
3
What are the prime factors of 2023?
7, 17
List the prime factors of 27996.
2, 3, 2333
What are the prime factors of 5434?
2, 11, 13, 19
List the prime factors of 12913.
37, 349
List the prime factors of 51068.
2, 17, 751
List the prime factors of 3939.
3, 13, 101
What are the prime factors of 1115?
5, 223
List the prime factors of 376.
2, 47
List the prime factors of 255.
3, 5, 17
What are the prime factors of 1869?
3, 7, 89
What are the prime factors of 48006?
2, 3, 7, 127
What are the prime factors of 27467?
11, 227
What are the prime factors of 39701?
29, 37
What are the prime factors of 619?
619
What are the prime factors of 586?
2, 293
List the prime factors of 2130.
2, 3, 5, 71
List the prime factors of 4762.
2, 2381
List the prime factors of 5959.
59, 101
List the prime factors of 1613.
1613
What are the prime factors of 506?
2, 11, 23
What are the prime factors of 815?
5, 163
What are the prime factors of 1754?
2, 877
What are the prime factors of 910?
2, 5, 7, 13
List the prime factors of 45263.
45263
What are the prime factors of 13197?
3, 53, 83
List the prime factors of 107235.
3, 5, 2383
List the prime factors of 6311.
6311
List the prime factors of 414.
2, 3, 23
What are the prime factors of 13978?
2, 29, 241
List the prime factors of 33058.
2, 16529
List the prime factors of 297.
3, 11
List the prime factors of 12678.
2, 3, 2113
List the prime factors of 5032.
2, 17, 37
List the prime factors of 135794.
2, 43, 1579
What are the prime factors of 12397?
7, 11, 23
What are the prime factors of 7923?
3, 19, 139
What are the prime factors of 70052?
2, 83, 211
List the prime factors of 42093.
3, 1559
List the prime factors of 3382.
2, 19, 89
List the prime factors of 5037.
3, 23, 73
List the prime factors of 81171.
3, 29, 311
List the prime factors of 34373.
37, 929
What are the prime factors of 16657?
16657
List the prime factors of 1657.
1657
What are the prime factors of 685?
5, 137
What are the prime factors of 404?
2, 101
List the prime factors of 21961.
21961
What are the prime factors of 1529?
11, 139
What ar